{"id":3913,"date":"2017-06-26T07:50:05","date_gmt":"2017-06-26T07:50:05","guid":{"rendered":"https:\/\/dietamediterranea.com\/?post_type=cp_recipe&#038;p=3913\/"},"modified":"2017-12-12T11:09:53","modified_gmt":"2017-12-12T11:09:53","slug":"amanida-siciliana-de-marisc-i-verdura","status":"publish","type":"cp_recipe","link":"https:\/\/dietamediterranea.com\/ca\/recipes\/amanida-siciliana-de-marisc-i-verdura\/","title":{"rendered":"Amanida siciliana de marisc i verdura"},"content":{"rendered":"<\/p>\n<p>per a 8 persones<\/p>\n<p>1 cup mongetes blanques cuites<br \/>\n\t\t\t\t\t\t2 cups patates cuites a rodanxes<br \/>\n\t\t\t\t\t\t200 g tonyina en oli d&#8217;oliva escorregut i esmicolat<br \/>\n\t\t\t\t\t\t1\/2 cup d&#8217;oli d&#8217;oliva<br \/>\n\t\t\t\t\t\t2 tbsp pasta d&#8217;anxova<br \/>\n\t\t\t\t\t\t1 tsp t\u00e0peres<br \/>\n\t\t\t\t\t\t3 tbsp vinagre de vi<br \/>\n\t\t\t\t\t\t1 tbsp julivert picat<br \/>\n\t\t\t\t\t\t  sal i pebre<br \/>\n\t\t\t\t\t\t1\/4 tsp d&#8217;alf\u00e0brega m\u00f2lta o 1 brot d&#8217;alf\u00e0brega fresca<br \/>\n\t\t\t\t\t\t1 cup gambes cuites<br \/>\n\t\t\t\t\t\t1\/2 cup d&#8217;olives madures a rodanxes\n\t\t\t\t\t\t<\/p>\n<p>Posar les mongetes, les patates i la tonyina en un bol.<br \/>\nBarrejar tot junt a l\u2019oli, la pasta d\u2019anxoves, les t\u00e0peres, el vinagre, el julivert, l\u2019all, la sal, el pebre i l\u2019alf\u00e0brega.<br \/>\nA continuaci\u00f3 s\u2019aboca aproximadament la meitat d\u2019aquesta salsa al bol de les patates i es barreja b\u00e9.<br \/>\nCol\u00b7locar les gambes i les olives per sobre i abocar la resta de la salsa.<\/p>\n","protected":false},"author":2,"featured_media":3890,"comment_status":"closed","ping_status":"closed","template":"","recipe_category":[],"class_list":["post-3913","cp_recipe","type-cp_recipe","status-publish","has-post-thumbnail"],"_links":{"self":[{"href":"https:\/\/dietamediterranea.com\/ca\/wp-json\/wp\/v2\/cooked_recipe\/3913\/"}],"collection":[{"href":"https:\/\/dietamediterranea.com\/ca\/wp-json\/wp\/v2\/cooked_recipe\/"}],"about":[{"href":"https:\/\/dietamediterranea.com\/ca\/wp-json\/wp\/v2\/types\/cp_recipe\/"}],"author":[{"embeddable":true,"href":"https:\/\/dietamediterranea.com\/ca\/wp-json\/wp\/v2\/users\/2\/"}],"replies":[{"embeddable":true,"href":"https:\/\/dietamediterranea.com\/ca\/wp-json\/wp\/v2\/comments\/?post=3913"}],"wp:featuredmedia":[{"embeddable":true,"href":"https:\/\/dietamediterranea.com\/ca\/wp-json\/wp\/v2\/media\/3890\/"}],"wp:attachment":[{"href":"https:\/\/dietamediterranea.com\/ca\/wp-json\/wp\/v2\/media\/?parent=3913"}],"wp:term":[{"taxonomy":"cp_recipe_category","embeddable":true,"href":"https:\/\/dietamediterranea.com\/ca\/wp-json\/wp\/v2\/recipe_category\/?post=3913"}],"curies":[{"name":"wp","href":"https:\/\/api.w.org\/{rel}","templated":true}]}}

</p>
<p>per a 8 persones</p>
<p>1 cup mongetes blanques cuites<br />
						2 cups patates cuites a rodanxes<br />
						200 g tonyina en oli d&#8217;oliva escorregut i esmicolat<br />
						1/2 cup d&#8217;oli d&#8217;oliva<br />
						2 tbsp pasta d&#8217;anxova<br />
						1 tsp tàperes<br />
						3 tbsp vinagre de vi<br />
						1 tbsp julivert picat<br />
						  sal i pebre<br />
						1/4 tsp d&#8217;alfàbrega mòlta o 1 brot d&#8217;alfàbrega fresca<br />
						1 cup gambes cuites<br />
						1/2 cup d&#8217;olives madures a rodanxes
						</p>
<p>Posar les mongetes, les patates i la tonyina en un bol.<br />
Barrejar tot junt a l’oli, la pasta d’anxoves, les tàperes, el vinagre, el julivert, l’all, la sal, el pebre i l’alfàbrega.<br />
A continuació s’aboca aproximadament la meitat d’aquesta salsa al bol de les patates i es barreja bé.<br />
Col·locar les gambes i les olives per sobre i abocar la resta de la salsa.</p>
