{"id":3106,"date":"2017-02-20T11:46:36","date_gmt":"2017-02-20T11:46:36","guid":{"rendered":"http:\/\/dietamediterranea.com\/?post_type=cp_recipe&#038;p=3106\/"},"modified":"2017-12-11T17:46:18","modified_gmt":"2017-12-11T17:46:18","slug":"sopa-dherbes-i-verdures","status":"publish","type":"cp_recipe","link":"https:\/\/dietamediterranea.com\/ca\/recipes\/sopa-dherbes-i-verdures\/","title":{"rendered":"Sopa d\u2019herbes i verdures"},"content":{"rendered":"<\/p>\n<p>per 4-6 persones<\/p>\n<p>4  patates, pelades i tallades a daus<br \/>\n\t\t\t\t\t\t3  pastanagues, tallades a daus<br \/>\n\t\t\t\t\t\t3  pebrots verds, tallats fins<br \/>\n\t\t\t\t\t\t3  tom\u00e0quets, tallats fins<br \/>\n\t\t\t\t\t\t3  carbassons, tallats a rodanxes<br \/>\n\t\t\t\t\t\t  sal i pebre<br \/>\n\t\t\t\t\t\t3  branquetes d&#8217;alf\u00e0brega fresca o 1 culleradeta si \u00e9s m\u00f2lt<br \/>\n\t\t\t\t\t\t2 liters d&#8217;aigua<br \/>\n\t\t\t\t\t\t1 cup formatge parmes\u00e0 ratllat<br \/>\n\t\t\t\t\t\t2 tbsp d&#8217;oli d&#8217;oliva<br \/>\n\t\t\t\t\t\t3  dents d&#8217;all, picats\n\t\t\t\t\t\t<\/p>\n<p>Posar totes les verdures a coure en 2 litres d\u2019aigua, bullir a foc lent fins que estiguin tendres.<br \/>\nBarrejar el formatge ratllat, l\u2019oli d\u2019oliva, l\u2019all i l\u2019alf\u00e0brega en un pot. Just abans de servir, afegir la barreja del formatge a la sopa, salpebrar, barrejar b\u00e9 i servir en plats fondos.<\/p>\n","protected":false},"author":2,"featured_media":3074,"comment_status":"closed","ping_status":"closed","template":"","recipe_category":[],"class_list":["post-3106","cp_recipe","type-cp_recipe","status-publish","has-post-thumbnail"],"_links":{"self":[{"href":"https:\/\/dietamediterranea.com\/ca\/wp-json\/wp\/v2\/cooked_recipe\/3106\/"}],"collection":[{"href":"https:\/\/dietamediterranea.com\/ca\/wp-json\/wp\/v2\/cooked_recipe\/"}],"about":[{"href":"https:\/\/dietamediterranea.com\/ca\/wp-json\/wp\/v2\/types\/cp_recipe\/"}],"author":[{"embeddable":true,"href":"https:\/\/dietamediterranea.com\/ca\/wp-json\/wp\/v2\/users\/2\/"}],"replies":[{"embeddable":true,"href":"https:\/\/dietamediterranea.com\/ca\/wp-json\/wp\/v2\/comments\/?post=3106"}],"wp:featuredmedia":[{"embeddable":true,"href":"https:\/\/dietamediterranea.com\/ca\/wp-json\/wp\/v2\/media\/3074\/"}],"wp:attachment":[{"href":"https:\/\/dietamediterranea.com\/ca\/wp-json\/wp\/v2\/media\/?parent=3106"}],"wp:term":[{"taxonomy":"cp_recipe_category","embeddable":true,"href":"https:\/\/dietamediterranea.com\/ca\/wp-json\/wp\/v2\/recipe_category\/?post=3106"}],"curies":[{"name":"wp","href":"https:\/\/api.w.org\/{rel}","templated":true}]}}

</p>
<p>per 4-6 persones</p>
<p>4  patates, pelades i tallades a daus<br />
						3  pastanagues, tallades a daus<br />
						3  pebrots verds, tallats fins<br />
						3  tomàquets, tallats fins<br />
						3  carbassons, tallats a rodanxes<br />
						  sal i pebre<br />
						3  branquetes d&#8217;alfàbrega fresca o 1 culleradeta si és mòlt<br />
						2 liters d&#8217;aigua<br />
						1 cup formatge parmesà ratllat<br />
						2 tbsp d&#8217;oli d&#8217;oliva<br />
						3  dents d&#8217;all, picats
						</p>
<p>Posar totes les verdures a coure en 2 litres d’aigua, bullir a foc lent fins que estiguin tendres.<br />
Barrejar el formatge ratllat, l’oli d’oliva, l’all i l’alfàbrega en un pot. Just abans de servir, afegir la barreja del formatge a la sopa, salpebrar, barrejar bé i servir en plats fondos.</p>
