{"id":11920,"date":"2023-07-24T01:00:07","date_gmt":"2023-07-24T01:00:07","guid":{"rendered":"https:\/\/dietamediterranea.com\/?post_type=cp_recipe&#038;p=11920"},"modified":"2023-06-26T10:06:22","modified_gmt":"2023-06-26T10:06:22","slug":"amanida-de-pastanagues-ratllades","status":"publish","type":"cp_recipe","link":"https:\/\/dietamediterranea.com\/ca\/recipes\/amanida-de-pastanagues-ratllades\/","title":{"rendered":"Amanida de pastanagues ratllades"},"content":{"rendered":"<h2>Amanida de pastanagues ratllades<\/h2>\n<h3>Ingredientes<\/h3>\n<div class=\"cooked-recipe-ingredients\">\n<div itemprop=\"recipeIngredient\" class=\"cooked-single-ingredient cooked-ingredient cooked-ing-no-checkbox\"><span class=\"cooked-ing-amount\" data-decimal=\"500\">500<\/span> <span class=\"cooked-ing-measurement\">grs<\/span> <span class=\"cooked-ing-name\">de pastanagues<\/span><\/div>\n<div itemprop=\"recipeIngredient\" class=\"cooked-single-ingredient cooked-ingredient cooked-ing-no-checkbox\"><span class=\"cooked-ing-amount\" data-decimal=\"100\">100<\/span> <span class=\"cooked-ing-measurement\">grs<\/span> <span class=\"cooked-ing-name\">de ra\u00efm passa<\/span><\/div>\n<div itemprop=\"recipeIngredient\" class=\"cooked-single-ingredient cooked-ingredient cooked-ing-no-checkbox\"><span class=\"cooked-ing-amount\" data-decimal=\"2\">2<\/span> <span class=\"cooked-ing-measurement\"><\/span> <span class=\"cooked-ing-name\">cs de mel de flors<\/span><\/div>\n<div itemprop=\"recipeIngredient\" class=\"cooked-single-ingredient cooked-ingredient cooked-ing-no-checkbox\"><span class=\"cooked-ing-name\">Suc d&#8217;1 llimona<\/span><\/div>\n<div itemprop=\"recipeIngredient\" class=\"cooked-single-ingredient cooked-ingredient cooked-ing-no-checkbox\"><span class=\"cooked-ing-amount\" data-decimal=\"1\">1<\/span> <span class=\"cooked-ing-measurement\"><\/span> <span class=\"cooked-ing-name\">cc de com\u00ed m\u00f2lt<\/span><\/div>\n<div itemprop=\"recipeIngredient\" class=\"cooked-single-ingredient cooked-ingredient cooked-ing-no-checkbox\"><span class=\"cooked-ing-amount\" data-decimal=\"1\">1<\/span> <span class=\"cooked-ing-measurement\"><\/span> <span class=\"cooked-ing-name\">cc de canyella en pols<\/span><\/div>\n<div itemprop=\"recipeIngredient\" class=\"cooked-single-ingredient cooked-ingredient cooked-ing-no-checkbox\"><span class=\"cooked-ing-name\">Oli d&#8217;oliva verge extra<\/span><\/div>\n<div itemprop=\"recipeIngredient\" class=\"cooked-single-ingredient cooked-ingredient cooked-ing-no-checkbox\"><span class=\"cooked-ing-name\">Sal, pebre<\/span><\/div>\n<\/div>\n<h3>Instrucciones<\/h3>\n<div class=\"cooked-recipe-directions\">\n<div class=\"cooked-single-direction cooked-direction\" data-step=\"Paso 1\">\n<div class=\"cooked-dir-content\">\n<p>Comencem pelant les pastanagues i les ratllem amb un ratllador amb forats grans. Despr\u00e9s, barregem amb una forquilla la mel amb el suc de llimona, el com\u00ed i la canyella en un bol; salpebrem i tirem un bon raig d&#8217;oli.<\/p>\n<\/div>\n<\/div>\n<div class=\"cooked-single-direction cooked-direction\" data-step=\"Paso 2\">\n<div class=\"cooked-dir-content\">\n<p>A continuaci\u00f3, afegim les pastanagues al bol i remenem b\u00e9 perqu\u00e8 s&#8217;impregni b\u00e9 del guarniment.<\/p>\n<\/div>\n<\/div>\n<div class=\"cooked-single-direction cooked-direction\" data-step=\"Paso 3\">\n<div class=\"cooked-dir-content\">\n<p>Preferiblement, deixar l&#8217;amanida a la nevera fins que estigui a punt per servir.<\/p>\n<\/div>\n<\/div>\n<\/div>\n","protected":false},"author":8,"featured_media":11916,"comment_status":"closed","ping_status":"closed","template":"","recipe_category":[147,64],"class_list":{"0":"post-11920","1":"cp_recipe","2":"type-cp_recipe","3":"status-publish","4":"has-post-thumbnail","6":"cp_recipe_category-guarnicio","7":"cp_recipe_category-primer-plat"},"_links":{"self":[{"href":"https:\/\/dietamediterranea.com\/ca\/wp-json\/wp\/v2\/cooked_recipe\/11920\/"}],"collection":[{"href":"https:\/\/dietamediterranea.com\/ca\/wp-json\/wp\/v2\/cooked_recipe\/"}],"about":[{"href":"https:\/\/dietamediterranea.com\/ca\/wp-json\/wp\/v2\/types\/cp_recipe\/"}],"author":[{"embeddable":true,"href":"https:\/\/dietamediterranea.com\/ca\/wp-json\/wp\/v2\/users\/8\/"}],"replies":[{"embeddable":true,"href":"https:\/\/dietamediterranea.com\/ca\/wp-json\/wp\/v2\/comments\/?post=11920"}],"wp:featuredmedia":[{"embeddable":true,"href":"https:\/\/dietamediterranea.com\/ca\/wp-json\/wp\/v2\/media\/11916\/"}],"wp:attachment":[{"href":"https:\/\/dietamediterranea.com\/ca\/wp-json\/wp\/v2\/media\/?parent=11920"}],"wp:term":[{"taxonomy":"cp_recipe_category","embeddable":true,"href":"https:\/\/dietamediterranea.com\/ca\/wp-json\/wp\/v2\/recipe_category\/?post=11920"}],"curies":[{"name":"wp","href":"https:\/\/api.w.org\/{rel}","templated":true}]}}

<h2>Amanida de pastanagues ratllades</h2>
<h3>Ingredientes</h3>
<div class="cooked-recipe-ingredients">
<div itemprop="recipeIngredient" class="cooked-single-ingredient cooked-ingredient cooked-ing-no-checkbox"><span class="cooked-ing-amount" data-decimal="500">500</span> <span class="cooked-ing-measurement">grs</span> <span class="cooked-ing-name">de pastanagues</span></div>
<div itemprop="recipeIngredient" class="cooked-single-ingredient cooked-ingredient cooked-ing-no-checkbox"><span class="cooked-ing-amount" data-decimal="100">100</span> <span class="cooked-ing-measurement">grs</span> <span class="cooked-ing-name">de raïm passa</span></div>
<div itemprop="recipeIngredient" class="cooked-single-ingredient cooked-ingredient cooked-ing-no-checkbox"><span class="cooked-ing-amount" data-decimal="2">2</span> <span class="cooked-ing-measurement"></span> <span class="cooked-ing-name">cs de mel de flors</span></div>
<div itemprop="recipeIngredient" class="cooked-single-ingredient cooked-ingredient cooked-ing-no-checkbox"><span class="cooked-ing-name">Suc d&#8217;1 llimona</span></div>
<div itemprop="recipeIngredient" class="cooked-single-ingredient cooked-ingredient cooked-ing-no-checkbox"><span class="cooked-ing-amount" data-decimal="1">1</span> <span class="cooked-ing-measurement"></span> <span class="cooked-ing-name">cc de comí mòlt</span></div>
<div itemprop="recipeIngredient" class="cooked-single-ingredient cooked-ingredient cooked-ing-no-checkbox"><span class="cooked-ing-amount" data-decimal="1">1</span> <span class="cooked-ing-measurement"></span> <span class="cooked-ing-name">cc de canyella en pols</span></div>
<div itemprop="recipeIngredient" class="cooked-single-ingredient cooked-ingredient cooked-ing-no-checkbox"><span class="cooked-ing-name">Oli d&#8217;oliva verge extra</span></div>
<div itemprop="recipeIngredient" class="cooked-single-ingredient cooked-ingredient cooked-ing-no-checkbox"><span class="cooked-ing-name">Sal, pebre</span></div>
</div>
<h3>Instrucciones</h3>
<div class="cooked-recipe-directions">
<div class="cooked-single-direction cooked-direction" data-step="Paso 1">
<div class="cooked-dir-content">
<p>Comencem pelant les pastanagues i les ratllem amb un ratllador amb forats grans. Després, barregem amb una forquilla la mel amb el suc de llimona, el comí i la canyella en un bol; salpebrem i tirem un bon raig d&#8217;oli.</p>
</div>
</div>
<div class="cooked-single-direction cooked-direction" data-step="Paso 2">
<div class="cooked-dir-content">
<p>A continuació, afegim les pastanagues al bol i remenem bé perquè s&#8217;impregni bé del guarniment.</p>
</div>
</div>
<div class="cooked-single-direction cooked-direction" data-step="Paso 3">
<div class="cooked-dir-content">
<p>Preferiblement, deixar l&#8217;amanida a la nevera fins que estigui a punt per servir.</p>
</div>
</div>
</div>
