{"id":10369,"date":"2022-05-23T01:00:52","date_gmt":"2022-05-23T01:00:52","guid":{"rendered":"https:\/\/dietamediterranea.com\/?post_type=cp_recipe&#038;p=10369"},"modified":"2022-05-17T11:26:04","modified_gmt":"2022-05-17T11:26:04","slug":"costellam-de-ternasco","status":"publish","type":"cp_recipe","link":"https:\/\/dietamediterranea.com\/ca\/recipes\/costellam-de-ternasco\/","title":{"rendered":"Costellam de Ternasco d&#8217;Arag\u00f3 amb molles de pa emulsionades"},"content":{"rendered":"<h2>Costellam de Ternasco d&#8217;Arag\u00f3 amb molles de pa emulsionades<\/h2>\n<h3>Ingredientes<\/h3>\n<div class=\"cooked-recipe-ingredients\">\n<div itemprop=\"recipeIngredient\" class=\"cooked-single-ingredient cooked-ingredient cooked-ing-no-checkbox\"><span class=\"cooked-ing-amount\" data-decimal=\"400\">400<\/span> <span class=\"cooked-ing-measurement\">grs<\/span> <span class=\"cooked-ing-name\">de costellam de Ternasco d&#8217;Arag\u00f3<\/span><\/div>\n<div itemprop=\"recipeIngredient\" class=\"cooked-single-ingredient cooked-ingredient cooked-ing-no-checkbox\"><span class=\"cooked-ing-amount\" data-decimal=\"1\">1<\/span> <span class=\"cooked-ing-measurement\"><\/span> <span class=\"cooked-ing-name\">gra d&#8217;all<\/span><\/div>\n<div itemprop=\"recipeIngredient\" class=\"cooked-single-ingredient cooked-ingredient cooked-ing-no-checkbox\"><span class=\"cooked-ing-name\">Pernil dol\u00e7<\/span><\/div>\n<div itemprop=\"recipeIngredient\" class=\"cooked-single-ingredient cooked-ingredient cooked-ing-no-checkbox\"><span class=\"cooked-ing-name\">Miga de pa blanc<\/span><\/div>\n<div itemprop=\"recipeIngredient\" class=\"cooked-single-ingredient cooked-ingredient cooked-ing-no-checkbox\"><span class=\"cooked-ing-name\">Oli d&#8217;olive verge extra<\/span><\/div>\n<div itemprop=\"recipeIngredient\" class=\"cooked-single-ingredient cooked-ingredient cooked-ing-no-checkbox\"><span class=\"cooked-ing-name\">Mantega<\/span><\/div>\n<div itemprop=\"recipeIngredient\" class=\"cooked-single-ingredient cooked-ingredient cooked-ing-no-checkbox\"><span class=\"cooked-ing-name\">Julivert picat<\/span><\/div>\n<div itemprop=\"recipeIngredient\" class=\"cooked-single-ingredient cooked-ingredient cooked-ing-no-checkbox\"><span class=\"cooked-ing-name\">&#8220;Patatas a lo pobre&#8221;<\/span><\/div>\n<div itemprop=\"recipeIngredient\" class=\"cooked-single-ingredient cooked-ingredient cooked-ing-no-checkbox\"><span class=\"cooked-ing-name\">Tom\u00e0quets Cherry<\/span><\/div>\n<\/div>\n<h3>Instrucciones<\/h3>\n<div class=\"cooked-recipe-directions\">\n<div class=\"cooked-single-direction cooked-direction\" data-step=\"Paso 1\">\n<div class=\"cooked-dir-content\">\n<p>En una safata de forn col\u00b7loquem el costellam de Ternasco amb les costelles pelades, pr\u00e8viament salpebrades. Afegim oli d&#8217;oliva i rostim al forn que hem escalfat a 250\u00baC fins que estiguin fetes. Reservem.<\/p>\n<\/div>\n<\/div>\n<div class=\"cooked-single-direction cooked-direction\" data-step=\"Paso 2\">\n<div class=\"cooked-dir-content\">\n<p>En una paella es posa la mantega amb l&#8217;oli d&#8217;oliva verge extra, es fregeix l&#8217;all i s&#8217;afegeix la molla de pa, es remou constantment fins que emulsioni la mantega, quan estigui al punt s&#8217;afegeix el julivert i el pernil dol\u00e7 trossejat i es napen les costelles que ten\u00edem reservades.<\/p>\n<\/div>\n<\/div>\n<div class=\"cooked-single-direction cooked-direction\" data-step=\"Paso 3\">\n<div class=\"cooked-dir-content\">\n<p>Pelar, rentar i tallar les patates a rodanxes, amb un gruix de mig cent\u00edmetre aproximadament, perqu\u00e8 despr\u00e9s en cuinar-les ens quedin senceres, per\u00f2 sense quedar dures. Les dents d&#8217;all les pelem i les tallem a l\u00e0mines gruixudes, perqu\u00e8 no es cremin. Afegim oli d&#8217;oliva, just per fregir b\u00e9 els ingredients, quan passin un parell de minuts deixem a foc suau i tapem la paella, durant uns 10 minuts fins que sigui facin b\u00e9 per tot arreu.<\/p>\n<\/div>\n<\/div>\n<div class=\"cooked-single-direction cooked-heading\">Presentaci\u00f3<\/div>\n<div class=\"cooked-single-direction cooked-direction\" data-step=\"Paso 4\">\n<div class=\"cooked-dir-content\">\n<p>Col\u00b7loquem la raci\u00f3 de costelles acompanyades de les patates al pobre i uns tom\u00e0quets Cherry saltejats.<\/p>\n<\/div>\n<\/div>\n<\/div>\n","protected":false},"author":8,"featured_media":10408,"comment_status":"closed","ping_status":"closed","template":"","recipe_category":[60],"class_list":{"0":"post-10369","1":"cp_recipe","2":"type-cp_recipe","3":"status-publish","4":"has-post-thumbnail","6":"cp_recipe_category-segon-plat"},"_links":{"self":[{"href":"https:\/\/dietamediterranea.com\/ca\/wp-json\/wp\/v2\/cooked_recipe\/10369\/"}],"collection":[{"href":"https:\/\/dietamediterranea.com\/ca\/wp-json\/wp\/v2\/cooked_recipe\/"}],"about":[{"href":"https:\/\/dietamediterranea.com\/ca\/wp-json\/wp\/v2\/types\/cp_recipe\/"}],"author":[{"embeddable":true,"href":"https:\/\/dietamediterranea.com\/ca\/wp-json\/wp\/v2\/users\/8\/"}],"replies":[{"embeddable":true,"href":"https:\/\/dietamediterranea.com\/ca\/wp-json\/wp\/v2\/comments\/?post=10369"}],"wp:featuredmedia":[{"embeddable":true,"href":"https:\/\/dietamediterranea.com\/ca\/wp-json\/wp\/v2\/media\/10408\/"}],"wp:attachment":[{"href":"https:\/\/dietamediterranea.com\/ca\/wp-json\/wp\/v2\/media\/?parent=10369"}],"wp:term":[{"taxonomy":"cp_recipe_category","embeddable":true,"href":"https:\/\/dietamediterranea.com\/ca\/wp-json\/wp\/v2\/recipe_category\/?post=10369"}],"curies":[{"name":"wp","href":"https:\/\/api.w.org\/{rel}","templated":true}]}}

Costellam de Ternasco d&#8217;Aragó amb molles de pa emulsionades

<h2>Costellam de Ternasco d&#8217;Aragó amb molles de pa emulsionades</h2>
<h3>Ingredientes</h3>
<div class="cooked-recipe-ingredients">
<div itemprop="recipeIngredient" class="cooked-single-ingredient cooked-ingredient cooked-ing-no-checkbox"><span class="cooked-ing-amount" data-decimal="400">400</span> <span class="cooked-ing-measurement">grs</span> <span class="cooked-ing-name">de costellam de Ternasco d&#8217;Aragó</span></div>
<div itemprop="recipeIngredient" class="cooked-single-ingredient cooked-ingredient cooked-ing-no-checkbox"><span class="cooked-ing-amount" data-decimal="1">1</span> <span class="cooked-ing-measurement"></span> <span class="cooked-ing-name">gra d&#8217;all</span></div>
<div itemprop="recipeIngredient" class="cooked-single-ingredient cooked-ingredient cooked-ing-no-checkbox"><span class="cooked-ing-name">Pernil dolç</span></div>
<div itemprop="recipeIngredient" class="cooked-single-ingredient cooked-ingredient cooked-ing-no-checkbox"><span class="cooked-ing-name">Miga de pa blanc</span></div>
<div itemprop="recipeIngredient" class="cooked-single-ingredient cooked-ingredient cooked-ing-no-checkbox"><span class="cooked-ing-name">Oli d&#8217;olive verge extra</span></div>
<div itemprop="recipeIngredient" class="cooked-single-ingredient cooked-ingredient cooked-ing-no-checkbox"><span class="cooked-ing-name">Mantega</span></div>
<div itemprop="recipeIngredient" class="cooked-single-ingredient cooked-ingredient cooked-ing-no-checkbox"><span class="cooked-ing-name">Julivert picat</span></div>
<div itemprop="recipeIngredient" class="cooked-single-ingredient cooked-ingredient cooked-ing-no-checkbox"><span class="cooked-ing-name">&#8220;Patatas a lo pobre&#8221;</span></div>
<div itemprop="recipeIngredient" class="cooked-single-ingredient cooked-ingredient cooked-ing-no-checkbox"><span class="cooked-ing-name">Tomàquets Cherry</span></div>
</div>
<h3>Instrucciones</h3>
<div class="cooked-recipe-directions">
<div class="cooked-single-direction cooked-direction" data-step="Paso 1">
<div class="cooked-dir-content">
<p>En una safata de forn col·loquem el costellam de Ternasco amb les costelles pelades, prèviament salpebrades. Afegim oli d&#8217;oliva i rostim al forn que hem escalfat a 250ºC fins que estiguin fetes. Reservem.</p>
</div>
</div>
<div class="cooked-single-direction cooked-direction" data-step="Paso 2">
<div class="cooked-dir-content">
<p>En una paella es posa la mantega amb l&#8217;oli d&#8217;oliva verge extra, es fregeix l&#8217;all i s&#8217;afegeix la molla de pa, es remou constantment fins que emulsioni la mantega, quan estigui al punt s&#8217;afegeix el julivert i el pernil dolç trossejat i es napen les costelles que teníem reservades.</p>
</div>
</div>
<div class="cooked-single-direction cooked-direction" data-step="Paso 3">
<div class="cooked-dir-content">
<p>Pelar, rentar i tallar les patates a rodanxes, amb un gruix de mig centímetre aproximadament, perquè després en cuinar-les ens quedin senceres, però sense quedar dures. Les dents d&#8217;all les pelem i les tallem a làmines gruixudes, perquè no es cremin. Afegim oli d&#8217;oliva, just per fregir bé els ingredients, quan passin un parell de minuts deixem a foc suau i tapem la paella, durant uns 10 minuts fins que sigui facin bé per tot arreu.</p>
</div>
</div>
<div class="cooked-single-direction cooked-heading">Presentació</div>
<div class="cooked-single-direction cooked-direction" data-step="Paso 4">
<div class="cooked-dir-content">
<p>Col·loquem la ració de costelles acompanyades de les patates al pobre i uns tomàquets Cherry saltejats.</p>
</div>
</div>
</div>
